{"id":24,"date":"2020-04-17T21:18:34","date_gmt":"2020-04-17T19:18:34","guid":{"rendered":"http:\/\/wordpress2017440.home.pl\/autoinstalator\/wordpressplus\/?page_id=24"},"modified":"2021-04-08T22:36:12","modified_gmt":"2021-04-08T20:36:12","slug":"o-nas","status":"publish","type":"page","link":"https:\/\/nieslysze.pl\/?page_id=24","title":{"rendered":"O nas"},"content":{"rendered":"\n<div style=\"height:40px\" aria-hidden=\"true\" class=\"wp-block-spacer\"><\/div>\n\n\n\n<div class=\"wp-block-columns\">\n<div class=\"wp-block-column\">\n<div class=\"wp-block-image\"><figure class=\"aligncenter size-large is-resized\"><img loading=\"lazy\" src=\"https:\/\/nieslysze.pl\/wp-content\/uploads\/2020\/04\/km.jpg\" alt=\"Kasia\" class=\"wp-image-195\" width=\"281\" height=\"281\" srcset=\"https:\/\/nieslysze.pl\/wp-content\/uploads\/2020\/04\/km.jpg 960w, https:\/\/nieslysze.pl\/wp-content\/uploads\/2020\/04\/km-300x300.jpg 300w, https:\/\/nieslysze.pl\/wp-content\/uploads\/2020\/04\/km-150x150.jpg 150w, https:\/\/nieslysze.pl\/wp-content\/uploads\/2020\/04\/km-768x768.jpg 768w, https:\/\/nieslysze.pl\/wp-content\/uploads\/2020\/04\/km-75x75.jpg 75w\" sizes=\"(max-width: 281px) 100vw, 281px\" \/><\/figure><\/div>\n<\/div>\n\n\n\n<div class=\"wp-block-column\">\n<p><strong>Katarzyna Michalak<\/strong> &#8211; od ponad 20 lat opowiada d\u017awi\u0119kiem historie prawdziwe. Pracuje w Redakcji Reporta\u017cu Polskiego Radia Lublin.  Uwa\u017ca, \u017ce d\u017awi\u0119k to fascynuj\u0105cy j\u0119zyk sztuki, dzi\u0119ki kt\u00f3remu mo\u017cemy tworzy\u0107 audialne filmy. Stara si\u0119 popularyzowa\u0107 sztuk\u0119 \u015bwiadomego s\u0142uchania, bowiem wierzy, \u017ce bez s\u0142uchania &#8211; nie ma zrozumienia.<\/p>\n<\/div>\n<\/div>\n\n\n\n<div style=\"height:45px\" aria-hidden=\"true\" class=\"wp-block-spacer\"><\/div>\n\n\n\n<div class=\"wp-block-columns\">\n<div class=\"wp-block-column\">\n<p><strong>Magdalena \u015awierczy\u0144ska-Dolot<\/strong> &#8211; z radiem i d\u017awi\u0119kiem zwi\u0105zana od 15 lat. Bez nich nie wyobra\u017ca sobie swojego \u017cycia zawodowego. Kiedy zamyka oczy &#8211; s\u0142yszy, kiedy s\u0142yszy &#8211; czuje. Nic wi\u0119cej jej nie trzeba. Czym jest dla niej d\u017awi\u0119k? Wyj\u0105tkow\u0105 wibracj\u0105, kt\u00f3ra, wprawiaj\u0105c w drganie cia\u0142o i dusz\u0119, porusza i otwiera najskrytsze zakamarki wyobra\u017ani&#8230;<\/p>\n<\/div>\n\n\n\n<div class=\"wp-block-column\">\n<figure class=\"wp-block-image size-large is-resized\"><img loading=\"lazy\" src=\"https:\/\/nieslysze.pl\/wp-content\/uploads\/2020\/04\/Magda_foto-1-1024x684.jpg\" alt=\"Magda\" class=\"wp-image-192\" width=\"371\" height=\"248\" srcset=\"https:\/\/nieslysze.pl\/wp-content\/uploads\/2020\/04\/Magda_foto-1-1024x684.jpg 1024w, https:\/\/nieslysze.pl\/wp-content\/uploads\/2020\/04\/Magda_foto-1-300x200.jpg 300w, https:\/\/nieslysze.pl\/wp-content\/uploads\/2020\/04\/Magda_foto-1-768x513.jpg 768w, https:\/\/nieslysze.pl\/wp-content\/uploads\/2020\/04\/Magda_foto-1-1140x761.jpg 1140w, https:\/\/nieslysze.pl\/wp-content\/uploads\/2020\/04\/Magda_foto-1.jpg 1200w\" sizes=\"(max-width: 371px) 100vw, 371px\" \/><\/figure>\n<\/div>\n<\/div>\n\n\n\n<hr class=\"wp-block-separator\"\/>\n\n\n\n<div style=\"height:23px\" aria-hidden=\"true\" class=\"wp-block-spacer\"><\/div>\n\n\n\n<h3 class=\"has-text-align-center\">Media o nas<\/h3>\n\n\n\n<p><\/p>\n\n\n\n<p>Portal <strong><a href=\"http:\/\/culture.pl\">culture.pl<\/a><\/strong>, artyku\u0142 &#8222;<strong>D\u017awi\u0119k non-fiction<\/strong>&#8221; :<\/p>\n\n\n\n<p><a href=\"https:\/\/culture.pl\/pl\/artykul\/dzwiek-non-fiction\">https:\/\/culture.pl\/pl\/artykul\/dzwiek-non-fiction<\/a><\/p>\n\n\n\n<div style=\"height:34px\" aria-hidden=\"true\" class=\"wp-block-spacer\"><\/div>\n\n\n\n<p>Radiowa Czw\u00f3rka, audycja &#8222;<strong>Czat Czw\u00f3rki&#8221;<\/strong>&nbsp;2020\/05\/15 (o projekcie od 16:40):<\/p>\n\n\n\n<figure class=\"wp-block-audio\"><audio controls src=\"https:\/\/static.prsa.pl\/6846e7c0-046c-4e10-aeb9-8308dfe164a1.mp3\"><\/audio><\/figure>\n\n\n\n<div style=\"height:60px\" aria-hidden=\"true\" class=\"wp-block-spacer\"><\/div>\n\n\n\n<p>Radiowa Czw\u00f3rka, audycja &#8222;<strong>Czat Czw\u00f3rki&#8221;<\/strong>&nbsp;2020\/05\/26:<\/p>\n\n\n\n<figure class=\"wp-block-audio\"><audio controls src=\"https:\/\/static.prsa.pl\/023d39f6-c749-449f-b401-6daf0d9a1285.mp3\"><\/audio><\/figure>\n\n\n\n<div style=\"height:60px\" aria-hidden=\"true\" class=\"wp-block-spacer\"><\/div>\n\n\n\n<p>Radio Gda\u0144sk, fragment audycji &#8222;<strong>Tygiel Kulturalny&#8221;<\/strong>:&nbsp;<\/p>\n\n\n\n<figure class=\"wp-block-audio\"><audio controls src=\"https:\/\/nieslysze.pl\/wp-content\/uploads\/2020\/05\/z-Tygla-dla-Magdy.mp3\"><\/audio><\/figure>\n\n\n\n<div style=\"height:60px\" aria-hidden=\"true\" class=\"wp-block-spacer\"><\/div>\n\n\n\n<p>Rozmowa na \u017cywo na blogu &#8222;<strong>Torba reportera<\/strong>&#8221; (<a href=\"https:\/\/torbareportera.pl\/\">torbareportera.pl\/<\/a>)<\/p>\n\n\n\n<figure class=\"wp-block-embed is-type-video is-provider-facebook wp-block-embed-facebook\"><div class=\"wp-block-embed__wrapper\">\nhttps:\/\/www.facebook.com\/torbareportera\/videos\/889642491504560\/\n<\/div><\/figure>\n\n\n\n<div style=\"height:60px\" aria-hidden=\"true\" class=\"wp-block-spacer\"><\/div>\n","protected":false},"excerpt":{"rendered":"<p>Katarzyna Michalak &#8211; od ponad 20 lat opowiada d\u017awi\u0119kiem historie prawdziwe. Pracuje w Redakcji Reporta\u017cu Polskiego Radia Lublin. Uwa\u017ca, \u017ce d\u017awi\u0119k to fascynuj\u0105cy j\u0119zyk sztuki, dzi\u0119ki kt\u00f3remu mo\u017cemy tworzy\u0107 audialne filmy. Stara si\u0119 popularyzowa\u0107 sztuk\u0119 \u015bwiadomego s\u0142uchania, bowiem wierzy, \u017ce bez s\u0142uchania &#8211; nie ma zrozumienia. Magdalena \u015awierczy\u0144ska-Dolot &#8211; z radiem i d\u017awi\u0119kiem zwi\u0105zana od 15 lat. Bez nich nie wyobra\u017ca sobie swojego \u017cycia zawodowego. Kiedy zamyka oczy &#8211; s\u0142yszy, kiedy s\u0142yszy &#8211; czuje. Nic wi\u0119cej jej nie trzeba. Czym jest dla niej d\u017awi\u0119k? Wyj\u0105tkow\u0105 wibracj\u0105, kt\u00f3ra, wprawiaj\u0105c w drganie cia\u0142o i dusz\u0119, porusza i otwiera najskrytsze zakamarki wyobra\u017ani&#8230; Media o nas Portal culture.pl, artyku\u0142 &#8222;D\u017awi\u0119k non-fiction&#8221; : https:\/\/culture.pl\/pl\/artykul\/dzwiek-non-fiction Radiowa Czw\u00f3rka, audycja &#8222;Czat Czw\u00f3rki&#8221;&nbsp;2020\/05\/15 (o projekcie od 16:40): Radiowa Czw\u00f3rka, audycja &#8222;Czat Czw\u00f3rki&#8221;&nbsp;2020\/05\/26: Radio Gda\u0144sk, fragment audycji &#8222;Tygiel Kulturalny&#8221;:&nbsp; Rozmowa na \u017cywo na blogu &#8222;Torba reportera&#8221; (torbareportera.pl\/)<\/p>\n","protected":false},"author":1,"featured_media":0,"parent":0,"menu_order":0,"comment_status":"closed","ping_status":"closed","template":"","meta":[],"_links":{"self":[{"href":"https:\/\/nieslysze.pl\/index.php?rest_route=\/wp\/v2\/pages\/24"}],"collection":[{"href":"https:\/\/nieslysze.pl\/index.php?rest_route=\/wp\/v2\/pages"}],"about":[{"href":"https:\/\/nieslysze.pl\/index.php?rest_route=\/wp\/v2\/types\/page"}],"author":[{"embeddable":true,"href":"https:\/\/nieslysze.pl\/index.php?rest_route=\/wp\/v2\/users\/1"}],"replies":[{"embeddable":true,"href":"https:\/\/nieslysze.pl\/index.php?rest_route=%2Fwp%2Fv2%2Fcomments&post=24"}],"version-history":[{"count":53,"href":"https:\/\/nieslysze.pl\/index.php?rest_route=\/wp\/v2\/pages\/24\/revisions"}],"predecessor-version":[{"id":414,"href":"https:\/\/nieslysze.pl\/index.php?rest_route=\/wp\/v2\/pages\/24\/revisions\/414"}],"wp:attachment":[{"href":"https:\/\/nieslysze.pl\/index.php?rest_route=%2Fwp%2Fv2%2Fmedia&parent=24"}],"curies":[{"name":"wp","href":"https:\/\/api.w.org\/{rel}","templated":true}]}}